41805?
4
What is the millions digit of 1979262?
1
What is the thousands digit of 169170?
9
What is the ten thousands digit of 423654?
2
What is the ten thousands digit of 7527866?
2
What is the ten thousands digit of 21807?
2
What is the hundreds digit of 778403?
4
What is the thousands digit of 800542?
0
What is the hundreds digit of 624624?
6
What is the thousands digit of 359577?
9
What is the tens digit of 3368140?
4
What is the units digit of 4878374?
4
What is the ten thousands digit of 3166912?
6
What is the ten thousands digit of 122413?
2
What is the units digit of 9122?
2
What is the units digit of 3677080?
0
What is the millions digit of 2539915?
2
What is the thousands digit of 529463?
9
What is the ten millions digit of 11890435?
1
What is the tens digit of 1448626?
2
What is the ten thousands digit of 720198?
2
What is the hundred thousands digit of 18186381?
1
What is the millions digit of 11697877?
1
What is the hundred thousands digit of 7856451?
8
What is the thousands digit of 186189?
6
What is the thousands digit of 1082449?
2
What is the millions digit of 3079099?
3
What is the ten thousands digit of 1901106?
0
What is the ten thousands digit of 653552?
5
What is the hundreds digit of 214382?
3
What is the millions digit of 2019609?
2
What is the hundreds digit of 953539?
5
What is the tens digit of 3786434?
3
What is the ten thousands digit of 2895171?
9
What is the units digit of 160253?
3
What is the thousands digit of 1420809?
0
What is the thousands digit of 547817?
7
What is the hundreds digit of 6198425?
4
What is the millions digit of 2804482?
2
What is the thousands digit of 229621?
9
What is the thousands digit of 821977?
1
What is the hundred thousands digit of 1181539?
1
What is the units digit of 3676687?
7
What is the units digit of 3868275?
5
What is the thousands digit of 5894?
5
What is the hundreds digit of 754922?
9
What is the ten millions digit of 17934779?
1
What is the ten millions digit of 28406431?
2
What is the thousands digit of 133315?
3
What is the millions digit of 1706041?
1
What is the thousands digit of 1644828?
4
What is the tens digit of 1007181?
8
What is the hundreds digit of 2608148?
1
What is the hundreds digit of 3488706?
7
What is the tens digit of 1624302?
0
What is the ten thousands digit of 23511088?
1
What is the ten thousands digit of 301963?
0
What is the tens digit of 207755?
5
What is the tens digit of 12091813?
1
What is the units digit of 1152420?
0
What is the hundred thousands digit of 105659?
1
What is the thousands digit of 157023?
7
What is the tens digit of 100795?
9
What is the thousands digit of 3901327?
1
What is the units digit of 2487114?
4
What is the hundreds digit of 132976?
9
What is the hundreds digit of 900749?
7
What is the ten millions digit of 14537724?
1
What is the ten thousands digit of 1363076?
6
What is the units digit of 279645?
5
What is the tens digit of 77075?
7
What is the thousands digit of 5181089?
1
What is the units digit of 336371?
1
What is the hundreds digit of 2770852?
8
What is the tens digit of 228937?
3
What is the thousands digit of 2869309?
9
What is the hundreds digit of 132599?
5
What is the tens digit of 3215134?
3
What is the hundred thousands digit of 4627988?
6
What is the hundreds digit of 747132?
1
What is the tens digit of 887226?
2
What is the tens digit of 2200272?
7
What is the units digit of 253509?
9
What is the hundreds digit of 18894305?
3
What is the thousands digit of 824596?
4
What is the hundred thousands digit of 331946?
3
What is the tens digit of 345660?
6
What is the millions digit of 10503588?
0
What is the hundreds digit of 4293702?
7
What is the units digit of 988023?
3
What is the thousands digit of 87135?
7
What is the hundred thousands digit of 572458?
5
What is the ten millions digit of 11473934?
1
What is the units digit of 882207?
7
What is the hundred thousands digit of 5235012?
2
What is the millions digit of 1369869?
1
What is the hundreds digit of 352653?
6
What is the hundred thousands digit of 10020348?
0
What is the ten millions digit of 21323023?
2
What is the ten thousands digit of 3311741?
1
What is the tens digit of 12044131?
3
What is the thousands digit of 15358?
5
What is the units digit of 192701?
1
What is the hundreds digit of 986655?
6
What is the ten thousands digit of 13811?
1
What is the ten thousands digit of 305506?
0
What is the hundred thousands digit of 1064020?
0
What is the millions digit of 2874153?
2
What is the thousands digit of 994580?
4
What is the hundreds digit of 205256?
2
What is the units digit of 57387?
7
What is the hundred thousands digit of 3418671?
4
What is the hundreds digit of 5442122?
1
What is the ten thousands digit of 159605?
5
What is the ten thousands digit of 2124858?
2
What is the hundred thousands digit of 445720?
4
What is the hundred thousands digit of 295988?
2
What is the thousands digit of 614766?
4
What is the millions digit of 14037481?
4
What is the tens digit of 370386?
8
What is the hundreds digit of 523739?
7
What is the tens digit of 15204?
0
What is the hundred thousands digit of 8815743?
8
What is the units digit of 8388543?
3
What is the hundreds digit of 630386?
3
What is the hundred thousands digit of 7376905?
3
What is the hundreds digit of 1313586?
5
What is the tens digit of 1107184?
8
What is the units digit of 2468572?
2
What is the thousands digit of 2124292?
4
What is the hundreds digit of 134238?
2
What is the millions digit of 2547855?
2
What is the hundred thousands digit of 4678550?
6
What is the thousands digit of 1975684?
5
What is the units digit of 532949?
9
What is the units digit of 330078?
8
What is the ten thousands digit of 15482889?
8
What is the hundreds digit of 33938345?
3
What is the hundreds digit of 655079?
0
What is the ten millions digit of 10834255?
1
What is the thousands digit of 5453271?
3
What is the hundred thousands digit of 1172027?
1
What is the hundreds digit of 366806?
8
What is the thousands digit of 9576061?
6
What is the thousands digit of 32780757?
0
What is the ten thousands digit of 445732?
4
What is the hundred thousands digit of 149407?
1
What is the tens digit of 13831106?
0
What is the units digit of 54281?
1
What is the tens digit of 3509842?
4
What is the units digit of 2718665?
5
What is the thousands digit of 25352?
5
What is the thousands digit of 4801053?
1
What is the tens digit of 269738?
3
What is the hundred thousands digit of 139676?
1
What is the tens digit of 604706?
0
What is the hundred thousands digit of 206460?
2
What is the ten thousands digit of 9658235?
5
What is the hundreds digit of 1030950?
9
What is the ten thousands digit of 427997?
2
What is the millions digit of 3431677?
3
What is the units digit of 8730942?
2
What is the thousands digit of 17295526?
5
What is the units digit of 539144?
4
What is the ten thousands digit of 91898?
9
What is the units digit of 947?
7
What is the tens digit of 504101?
0
What is the tens digit of 76998?
9
What is the ten thousands digit of 82794?
8
What is the units digit of 878927?
7
What is the tens digit of 525240?
4
What is the hundred thousands digit of 34110978?
1
What is the tens digit of 7346046?
4
What is the thousands digit of 170802?
0
What is the ten thousands digit of 5206279?
0
What is the hundred thousands digit of 4433685?
4
What is the ten thousands digit of 111723?
1
What is the tens digit of 63955?
5
What is the ten thousands digit of 201896?
0
What is the ten thousands digit of 24008078?
0
What is the units digit of 1034758?
8
What is the thousands digit of 103400?
3
What is the hundreds digit of 1511598?
5
What is the units digit of 880408?
8
What is the hundred thousands digit of 638284?
6
What is the units digit of 4525198?
8
What is the thousands digit of 18041546?
1
What is the tens digit of 648092?
9
What is the hundreds digit of 1538389?
3
What is the tens digit of 1769594?
9
What is the tens digit of 993194?
9
What is the millions digit of 3121559?
3
What is the ten thousands digit of 456257?
5
What is the ten millions digit of 31732868?
3
What is the millions digit of 4286101?
4
What is the thousands digit of 24093?
4
What is the hundreds digit of 711216?
2
What is the tens digit of 50807